and v?
16
Let n(s) = 43*s**2 + 13*s + 7. Let t be n(-3). What is the greatest common factor of 20 and t?
5
Let r = -577 + 813. What is the greatest common factor of r and 59?
59
Let w(t) = -16*t - 38. Let h be w(-6). Suppose -4*x + 70 + h = 4*j, -3*x + 9 = 0. What is the highest common factor of 261 and j?
29
Let i = 2110 + -1535. Calculate the highest common divisor of i and 50.
25
Suppose 5*l = -2*y + 31, 5*l - 46 = -4*y - 9. Let u = -6 + 8. Let a be (-2)/(-4)*(4 - u). What is the highest common factor of a and l?
1
Suppose 5*u + 360 = -5*u. Let k = 108 + u. Calculate the greatest common divisor of 8 and k.
8
Let f(c) = -3 - 6 + 2 + 4*c**2 + 3 - 2*c. Let h be f(3). Suppose 0 = 2*z - 748 + 176. What is the highest common factor of z and h?
26
Let d be 34/289 + (1 - (-30)/34). Suppose -3*u - d*u - 5*r = -30, r = -5*u + 22. Calculate the greatest common factor of 4 and u.
4
Let y = -5 - -3. Let b be y/(-2) + 3 + 3. What is the highest common factor of b and 14?
7
Let c be 2 + 7 + (-5 + -2)/7. Calculate the highest common factor of 44 and c.
4
Suppose -33*h + 1225 + 227 = 0. Calculate the greatest common factor of h and 66.
22
Suppose 7*x = 10*x + 9. Let h(u) = u**3 + 4*u**2 - 2*u - 7. Let r be h(x). What is the highest common divisor of 32 and r?
8
Suppose -15*n - 7955 = -58*n. Calculate the greatest common factor of n and 5.
5
Let h = 51 + -47. Let d be 1*(h + -8)/((-2)/4). Calculate the highest common factor of d and 88.
8
Let a(d) = -d**3 + 8*d**2 + 2*d - 5. Suppose 8 = -0*s + s. Let p be a(s). Let m be (1 - -10)*(-15)/(-15). What is the greatest common factor of m and p?
11
Let r be (-14)/(-5 - (-6 - -5 - 3)). What is the highest common factor of 98 and r?
14
Let g(m) = m**3 - 22*m**2 - 57*m - 102. Let b be g(25). What is the greatest common factor of b and 12?
12
Let c = -24 + 26. Suppose -c*i - r + 53 = 0, -i - i + 4*r = -38. Calculate the highest common factor of 225 and i.
25
Let w = 210 + -147. Calculate the highest common divisor of w and 45.
9
Let x(v) = -v**2 + 6*v + 5. Let g be x(7). Let c = g + -1. Let u(b) = b**2 + 3*b + 2. Let k be u(c). What is the highest common factor of 6 and k?
2
Let t = 26 - 22. Suppose t*y + 3*x = -2*x + 79, 4*x - 76 = -4*y. Let c be (-2)/(-3) + (-380)/(-6). What is the highest common factor of y and c?
16
Let f = 2192 + -1279. What is the greatest common divisor of 166 and f?
83
Let s = 996 + -531. Calculate the greatest common divisor of 15 and s.
15
Suppose j = -m + 3, 9*j = -m + 4*j - 13. Suppose 4*g - 13 - 15 = 0. What is the greatest common factor of g and m?
7
Let c be (-20)/(-70) - 79/7. Let y be ((-1 - -4) + c/(-4))*20. What is the highest common divisor of 46 and y?
23
Suppose -52 = -15*l + 143. What is the greatest common divisor of 871 and l?
13
Let o = -372 + 378. What is the highest common factor of o and 75?
3
Let f(j) be the second derivative of j**4/12 + j**3/2 + 5*j**2 - 13*j. Let t be f(-6). Calculate the highest common factor of 14 and t.
14
Let z be (-14)/(-3) - (-10)/(-15). Let c(r) = -9*r + z + r + 0*r. Let w be c(-4). What is the greatest common factor of 90 and w?
18
Suppose 2*q - 15 = -2*q + 3*a, 0 = 3*q + 2*a + 10. Suppose -8*f + 6*f + 220 = q. Suppose -p = p - f. What is the greatest common divisor of 11 and p?
11
Suppose c + 3*j = 6*c - 68, 3*j = c - 4. What is the greatest common divisor of 128 and c?
16
Suppose -12 = -5*m + 2*m. Suppose d + m*d = -b + 21, d - 1 = 3*b. Suppose d*q + 5*h = 47, 64 = 7*q - 2*q + h. What is the greatest common divisor of q and 26?
13
Suppose -4*u + 393 = 3*z, z + 171 = 4*u - 242. What is the greatest common factor of 1479 and u?
51
Let r = 187 + -167. Calculate the greatest common divisor of r and 6.
2
Let a(i) be the second derivative of -i**5/20 - i**3/6 - 5*i**2/2 - 8*i. Let m be a(-5). Calculate the greatest common factor of m and 50.
25
Suppose -3*t = -2*o + 27, o + t - 14 = 7. Let x = 10 + o. Calculate the greatest common divisor of x and 84.
28
Suppose 0 = 5*q - 2*q. Let c(a) = a**3 - 5*a**2 + 5*a - 1. Let b be c(4). Suppose -y + q = -b. What is the highest common divisor of y and 3?
3
Let o be (-6)/10 + (0 - (-1149)/15). Let x = o - 43. What is the highest common factor of x and 3?
3
Suppose -63 = 3*z - 153. What is the highest common divisor of z and 160?
10
Let x be ((-8)/(-16))/((-2)/(-4)). Suppose 3*p + s - 2 = 0, -p + x + 3 = -3*s. Suppose 2*b - 4 + 0 = 0. Calculate the greatest common factor of b and p.
1
Suppose 2*g + 1 = g. Let m be (11 + g)/((-14)/(-35)). What is the greatest common factor of 175 and m?
25
Suppose -3*k = -11 - 244. Suppose -3*d = g + 43, 2*g + k = -0*g - 5*d. Let p = g + 56. Calculate the highest common factor of 128 and p.
16
Let q(x) = 8*x**2 + 63*x + 415. Let m be q(-8). Calculate the highest common divisor of m and 36.
9
Let h = 1471 - 949. Calculate the highest common factor of h and 18.
18
Let u = 67 - 47. Let p(f) = -f**3 + 61*f**2 - 77*f + 1028. Let t be p(60). What is the highest common factor of u and t?
4
Suppose -m = -u + 458, 14*u + 923 = 16*u + 5*m. What is the greatest common divisor of 27 and u?
27
Let v(a) = 19*a**2 + 2. Let z be v(4). Let l = z - 202. What is the greatest common factor of l and 13?
13
Let t = -281 + 291. Calculate the highest common factor of t and 55.
5
Let o be 3/(-6) - (-75)/6. Let v be (o/(-8))/(2/(-32)). Calculate the highest common factor of 264 and v.
24
Suppose 46 + 53 = 9*y. What is the greatest common divisor of y and 33?
11
Let z(j) be the first derivative of -2 + 2/3*j**3 - j**2 - 4*j. Let f be z(4). Calculate the highest common divisor of 140 and f.
20
Let s = -95 + 195. What is the highest common divisor of s and 4?
4
Suppose -3*q - 20 = 4*s, -2*q = s - 0*s + 20. Let b be 8/3 + (-4)/q. What is the highest common factor of 30 and b?
3
Suppose -4*v = -v - 45. Let z = -407 + 417. What is the greatest common divisor of z and v?
5
Let w = -12 - -17. Let i(x) = 3*x + 9. Let f be i(w). Let p = f + 40. What is the highest common factor of 8 and p?
8
Suppose -14*h = -10*h - 8. Suppose d + 4*d = h*i + 300, 0 = 4*d + 5*i - 240. What is the greatest common factor of d and 12?
12
Let k = -48 - -57. Let a be 726/10 + (-1)/((-5)/(-3)). Calculate the greatest common divisor of a and k.
9
Let l(n) = -n**2 - 11*n + 2. Suppose -7*m = -8*m - 30. Let i = m + 20. Let u be l(i). Calculate the highest common divisor of u and 36.
12
Let m(f) = 4*f**3 - 2*f**2 - 4*f + 3. Let c be m(3). Suppose -7*x = -0*x + 182. Let r be x/(-4) - (-30)/12. What is the greatest common divisor of c and r?
9
Suppose 0 = 5*v + 3*u - 159, 6*v = v - 4*u + 157. Suppose 5*x - v = 2*x. What is the greatest common divisor of x and 99?
11
Let u be (-94)/(-6) + (-7)/(-21). Let q(g) = -g**2 + 20*g - 9. Let t be q(u). Calculate the greatest common factor of 22 and t.
11
Suppose 0 = h - 4*h + 36. Let x = -14 + h. Let r be -2 - (-5)/(3 + x). Calculate the greatest common divisor of 18 and r.
3
Let l = -14 - -23. Suppose -l*f = -14*f + 125. Calculate the highest common factor of f and 5.
5
Let c = -99 + 131. What is the greatest common divisor of 32 and c?
32
Suppose -5*r + 5*d = -55, -4*r - 2*d = -61 + 11. Suppose 72 = -104*t + 107*t. What is the highest common divisor of t and r?
12
Let l(g) = -g + 3. Let f be l(12). Let i = f + 14. Suppose -c - z + 71 = 0, 335 = i*c - 0*c + z. Calculate the greatest common divisor of c and 6.
6
Suppose 567 = -340*c + 349*c. Calculate the highest common divisor of c and 351.
9
Let m(t) be the first derivative of t**3/3 - 3*t**2 - 10*t + 2. Let s be m(8). Let p = -61 - -67. What is the greatest common divisor of s and p?
6
Let d be -1 + (1 - (-23 - 2)). Suppose 2*g - 50 = x - 6*x, -4*x = 0. What is the highest common divisor of d and g?
25
Let p(b) = 15*b**2 + 33*b - 8. Let w be p(5). What is the highest common divisor of 196 and w?
28
Let z be ((-1656)/920)/((-2)/(-10)*-1). Calculate the greatest common divisor of z and 243.
9
Suppose 4*j = 19 + 21. Suppose 0 = -c - 2*a + 86, -a = 3*c + a - 254. Suppose -276 - c = -4*n. What is the greatest common factor of n and j?
10
Let l be -3*(-6)/9*-1. Let n be -273*l/15 - (-4)/(-10). Let f(r) = 6*r - 6. Let s be f(4). What is the greatest common factor of s and n?
18
Suppose 0 = 6*x - x - 180. Let l be (-4)/((-16)/4348)*(0 - -1). Suppose -294 